 - 10. Suppose 115*x - 224 = 100*x + 76. Calculate the remainder when 57/(g/3 - -3) is divided by x.
17
Let u(j) = -118 - 45*j + 30*j**2 + 21*j**2 - 52*j**2. What is the remainder when u(-21) is divided by 15?
11
Let q be (-128)/(-28) - 3/(-7). Suppose -q = -3*c + 10. Let g(p) = -65*p + 6. What is the remainder when g(0) is divided by c?
1
Let y(k) = 4*k**2 - 15*k + 24. Let d be y(5). Let x = 61 - d. Calculate the remainder when 83 is divided by x.
11
Let r(f) = 161*f**2 - f + 3. Let u be r(-2). Let s = u + -612. What is the remainder when 42 is divided by s?
5
Suppose 20*k - 120 = 5*k. What is the remainder when 574 is divided by k?
6
Suppose -1 = 2*x - 5. Let p(w) = -2*w**2 + 4*w + 9. Let t be p(5). What is the remainder when (-69)/t - 2/7 is divided by x?
1
Suppose -c - 502 = -m, 47 = m - 4*c - 455. Calculate the remainder when m is divided by 404.
98
Let d be (-5 + 3 + -1)/(18/48). Let k(u) = u**2 + 2*u - 1. Let o be k(-2). Calculate the remainder when (-59 + o)*d/6 is divided by 14.
10
Suppose 34*t + 14*t - 4*t = 5500. Calculate the remainder when 549 is divided by t.
49
Let o = 3426 - 3425. What is the remainder when 360 is divided by o?
0
Let l = -8 - -13. Let w(c) = -5*c - c + 891 - 893 + 2*c**2. Calculate the remainder when w(l) is divided by 7.
4
Let p(r) = -13*r**2 + 3*r - 5. Let o be p(2). Let q(x) = x**2 - 4*x + 4. Let v be q(-7). Let y = v + o. Calculate the remainder when 117 is divided by y.
27
Suppose -g + 290 = -6*g. Suppose 0 = 11*r + 303 + 214. Let z = r - g. Calculate the remainder when 31 is divided by z.
9
Suppose -3*b - 2*p + 220 = 0, 35*p + 360 = 5*b + 37*p. Calculate the remainder when b is divided by 52.
18
Suppose 3*p + 572 - 713 = 0. What is the remainder when 534 is divided by p?
17
Suppose 300 = 3*z + 84. Let d = 16 + z. Calculate the remainder when d is divided by 24.
16
Let f = -5042 - -6356. Calculate the remainder when f is divided by 189.
180
Suppose -4126 - 3847 = 7*o. What is the remainder when 15/(-17) + 1 + (-231083)/o is divided by 105?
98
Let y(f) = -5*f**2 + 64*f + 16. Let c be y(13). Let u be 16 - ((0 - -1) + 0). Suppose u + c = o. What is the remainder when 33 is divided by o?
15
Let y = -5177 + 5548. Calculate the remainder when y is divided by 25.
21
Let b(c) = c**3 - 8*c**2 + c - 130. What is the remainder when 523 is divided by b(11)?
35
Let p(w) = 5*w**2 + 9*w - 140. What is the remainder when p(8) is divided by 116?
20
Let g(p) = 18*p**2 - 28*p + 62. Let o(y) = 6*y**2 - 9*y + 20. Let h(b) = -5*g(b) + 16*o(b). Calculate the remainder when 376 is divided by h(-3).
72
Let i = 269 + 99. Suppose -38*w - 102 = -i. Calculate the remainder when w is divided by ((-2)/(-4))/(2/20).
2
Suppose -30 = -5*c + 10. Let h = 82 - c. Calculate the remainder when h is divided by 7.
4
Let x(z) = -324*z + 7137. Calculate the remainder when 1412 is divided by x(22).
8
Let g = -73 - -89. What is the remainder when ((-24)/g + 1)/((-2)/604) is divided by 38?
37
What is the remainder when (523305/18)/29*2 is divided by 33?
25
Suppose -9*z = -18*z - 9*z. Suppose -14*q - 2*n + 202 = -10*q, 2*q + 3*n - 91 = z. Calculate the remainder when q is divided by 6.
5
Suppose 182*m - 48*m = 16750. What is the remainder when 521 is divided by m?
21
Let a(i) = i**2 - 15*i - 20. Let r be a(16). What is the remainder when (-3 - 4/12)/(r/78) is divided by 10?
5
Suppose 59*c = 65*c - 1260. Suppose -33*k + 26*k = -c. What is the remainder when 141 is divided by k?
21
Suppose -50 = -143*m + 144*m - 204. Calculate the remainder when 603 is divided by m.
141
Calculate the remainder when 888 is divided by -8 - (-1404)/(12 - -6).
48
Let d be 3/9*(-1 + -14). Let v(a) = -a**2 - 9*a + 11. Calculate the remainder when v(d) is divided by -15*(-2)/12*2.
1
Let c(d) = 7*d**2 - d - 102. Let m be c(-9). Let f = m + -413. Calculate the remainder when 242 is divided by f.
59
Suppose 3*b = -2*h + 143, 0 = -2*h + 3*b + 390 - 265. What is the remainder when 462 is divided by h?
60
Suppose -60 = 3*f - 8*f. Suppose 7*a - 4 = 143. Calculate the remainder when a is divided by f.
9
Let p(t) = -19*t**2 + 15*t**2 + 5*t**2 - 14*t - 3. Let u be p(16). Suppose -9*j + 34 = -u. What is the remainder when 14 is divided by j?
0
Let n = 391 - 274. Let j = n + -84. Calculate the remainder when 119 is divided by j.
20
Let x(a) be the third derivative of a**5/12 + 5*a**4/24 + a**3/3 - 2*a**2. What is the remainder when x(-3) is divided by (-2)/(5/(3 + (-205)/10))?
4
Let q(k) = -3*k**2 + 15*k - 20. Let m be q(6). Calculate the remainder when 98 is divided by (-1*(-306)/15)/(m/(-95)).
47
Let a = -4 + 6. Suppose 34 = 4*s + 10. Calculate the remainder when ((-2)/a)/(s/(-498)) is divided by 28.
27
Let k be 4334/(-66) + (-2)/(-3). Let r = k + 65. Suppose 0 = 5*b - r*b - 455. What is the remainder when b is divided by 16?
11
Let o = -19 + 18. Let c(z) = 2*z**2 + 22*z + 2. Let g be c(-11). What is the remainder when -7 + 30 - g/o is divided by 13?
12
Let l(x) = -x**3 + 12*x**2 + 14*x - 8. Let s be l(13). Suppose 2*m = 2*k + 66, -m + 2*k + 29 = s*k. Calculate the remainder when 149 is divided by m.
21
Let l(h) = h**2 - 2. Let f be l(0). Let s be 2 + f + (-5)/(15/(-12)). Suppose s*i + 216 = 7*i. What is the remainder when i is divided by 25?
22
What is the remainder when 889 is divided by 154/132*6 - (-294 - 1)?
285
Suppose -18*l - 2*l = -220. Let f = l - -85. Suppose 4*j - 34 = 98. Calculate the remainder when f is divided by j.
30
Suppose -4992 + 12804 = 11*t + 20*t. What is the remainder when t is divided by 141?
111
Let i be (4/(-6))/(2/(-3)). Let j = -171778 - -171797. Calculate the remainder when j is divided by (-1 - (-1 + -10)) + i.
8
Let f be (-3)/(-2*6/40). Let w(t) = 2*t - 6. Calculate the remainder when 45/18*2/2*f is divided by w(6).
1
Let v(g) = 470*g + 1571. Calculate the remainder when v(-2) is divided by 108.
91
Calculate the remainder when 1269 is divided by (0 + -1 + -23)/(1972/(-1479)).
9
Suppose 5*v - 30 = -5*q, 0 = 5*v + 2*q + q - 24. Let u be (-4)/(v/12*-2). What is the remainder when (14 - u) + 0 + 0 is divided by 3?
0
Let q(d) = d**2 - 7*d + 9. Let b = 226 - 210. Suppose 2*n + 3 = -5*k + b, -4*k = 4*n - 8. What is the remainder when q(7) is divided by k?
0
Let c(w) = 572*w - 35985. Suppose -291 - 75 = -3*f. Calculate the remainder when f is divided by c(63).
20
Suppose -j + 5 + 3 = 0. Let q = 127 + -101. Let c = 92 + q. Calculate the remainder when c is divided by j.
6
What is the remainder when 99 is divided by (2 + (-39)/6)/((-38)/532)?
36
Let b = -25 + 79. Suppose b = 7*x - x. Suppose -208 = 5*t - x*t. What is the remainder when 101 is divided by t?
49
Let m(x) = -6*x + 72. Let l be m(13). Let i = 7 - 2. Calculate the remainder when (-26)/(-6)*(l + 9) is divided by i.
3
Let f(w) = 6*w**2 + 9*w + 18. Let i(k) = 3*k**2 - 11*k + 3. Let b be i(3). Calculate the remainder when f(b) is divided by 124/8 - 1/2.
0
Let n = -73 + 36. Let l be 7 + -8 - (n - 1). Suppose 4*k = 87 + l. What is the remainder when k is divided by 17?
14
Suppose 39*j = -3*o + 38*j + 4047, 6*o - 5*j - 8136 = 0. Calculate the remainder when o is divided by 113.
108
Let l = -144 - -149. Suppose -60 = -l*p + 215. Let c = 49 - 21. What is the remainder when p is divided by c?
27
Suppose 3*l - 5*o - 61 = 0, 0 = -4*l - 5*o + 224 - 96. Suppose 2*w - 180 = -l*k + 29*k, 4*k = -5*w + 441. What is the remainder when w is divided by 47?
42
Let l = -18375 + 18568. Calculate the remainder when 2327 is divided by l.
11
Suppose -747 = -u - 4*q, -5*q + 427 = -4*u + 3289. What is the remainder when u is divided by 252?
219
Suppose -3*z = w - 109, -33*z - 5*w = -38*z + 195. Calculate the remainder when 368 is divided by z.
35
Let s(t) = -4*t + 0*t**3 + 0*t**3 + 15 + 7*t**3 - 2*t**2 - 5*t**3. Let h be s(4). Let c = 175 - h. Calculate the remainder when c is divided by 12.
8
Let l(g) = g**3 + 6*g**2 - 7*g + 6. Let z be l(5). Suppose -4*q = 5*k - z, 5*q - 4*k = 9*q - 244. What is the remainder when 174 is divided by q?
56
Let h be 117/2*(-20)/15. Suppose 30*k - 4*k + 7410 - 9282 = 0. What is the remainder when k is divided by ((-12)/9)/(4/h)?
20
Let z(g) = -3*g**2 - 11*g + 17. Let v be z(-6). Calculate the remainder when 179 is divided by 2/(-5) + (-460)/v.
17
Let b(n) = -n**2 - 6*n - 2. Let u = -61 - -55. Let 